{"id":179,"date":"2013-11-02T21:22:14","date_gmt":"2013-11-02T20:22:14","guid":{"rendered":"http:\/\/www.lerzso.hu\/?page_id=179"},"modified":"2013-11-02T22:09:18","modified_gmt":"2013-11-02T21:09:18","slug":"ki-alapitotta-meg-a-faraok-birodalmat","status":"publish","type":"page","link":"http:\/\/www.lerzso.hu\/?page_id=179","title":{"rendered":"Ki alap\u00edtotta meg a f\u00e1ra\u00f3k birodalm\u00e1t?"},"content":{"rendered":"<h3><strong><em>A f\u00e1ra\u00f3k hossz\u00fa t\u00f6rt\u00e9nete<\/em><\/strong><\/h3>\n<h4><strong>Ki alap\u00edtotta meg a f\u00e1ra\u00f3k birodalm\u00e1t?<\/strong><\/h4>\n<p>A N\u00edlus v\u00f6lgy\u00e9ben \u00e9s Fels\u0151- Egyiptomban n\u00e9h\u00e1ny helyi nagys\u00e1gnak m\u00e1r Kr. e. 32 t\u00e1j\u00e1n siker\u00fclt nagyobb ter\u00fcleteket egyes\u00edtenie az uralma alatt. Ezekb\u0151l alakult ki az als\u00f3-egyiptomi \u00e9s a fels\u0151-egyiptomi kir\u00e1lys\u00e1g. A kir\u00e1lyok egyike m\u00e1r Kr. e. 3100 t\u00e1j\u00e1n mindk\u00e9t orsz\u00e1gban uralkodott. \u0150t Narmernek h\u00edvt\u00e1k. <a href=\"http:\/\/www.lerzso.hu\/?uamfiletype=attachment&amp;uamgetfile=http:\/\/www.lerzso.hu\/wp-content\/uploads\/2013\/11\/mm_aoet_9_1.jpg\"><img loading=\"lazy\" decoding=\"async\" class=\"alignnone size-full wp-image-180\" alt=\"mm_aoet_9_1\" src=\"http:\/\/www.lerzso.hu\/?uamfiletype=attachment&amp;uamgetfile=http:\/\/www.lerzso.hu\/wp-content\/uploads\/2013\/11\/mm_aoet_9_1.jpg\" width=\"545\" height=\"845\" \/><\/a><\/p>\n<p>&nbsp;<\/p>\n<table border=\"1\">\n<tbody>\n<tr>\n<td><span style=\"color: #0000ff;\">SMINKES PALETTA<\/span><span style=\"color: #0000ff;\">A sminkes palett\u00e1k a szemfest\u00e9s eszk\u00f6zei voltak. A szemfest\u00e9ket a paletta h\u00e1toldal\u00e1n l\u00e9v\u0151 m\u00e9lyed\u00e9sben kevert\u00e9k ki. Narmer palett\u00e1j\u00e1n fent k\u00e9t helyen is a teh\u00e9nfej\u0171 Hathor istenn\u0151t l\u00e1thatjuk. Alul a f\u00e1ra\u00f3 \u00e9ppen egy ellens\u00e9g\u00e9vel v\u00e9gez. Narmer Fels\u0151-Egyiptom koron\u00e1j\u00e1t viseli. R\u00f6vid k\u00f6t\u00e9nyt, \u00e9s azon odak\u00f6t\u00f6z\u00f6tt bikafarkat hord. Narmer el\u0151tt egy s\u00f3lyom k\u00f6t\u00e9lv\u00e9gen tartja az ellens\u00e9get. A mad\u00e1r a gy\u0151zedelmes egyiptomi uralkod\u00f3t megtestes\u00edt\u0151 H\u00f3rusz.<\/span><\/td>\n<\/tr>\n<\/tbody>\n<\/table>\n<p>Uralma ut\u00e1n m\u00e9g sz\u00e1z\u00e9vnyi h\u00e1bor\u00fas id\u0151szak k\u00f6vetkezett, m\u00edg a k\u00e9t orsz\u00e1g v\u00e9gleg egyes\u00fclt. A katonai gy\u0151zelmet egy fels\u0151-egyiptomi kir\u00e1ly v\u00edvta ki, az als\u00f3-egyiptomi birodalom azonban meg\u0151rizte kultur\u00e1lis befoly\u00e1s\u00e1t. Egyiptom teljes ter\u00fclet\u00e9nek els\u0151 uralkod\u00f3j\u00e1t a megmaradt kir\u00e1lylist\u00e1k M\u00e9n\u00e9sznek, m\u00e1s n\u00e9ven Ah\u00e1nak nevezt\u00e9k. Vele kezd\u0151d\u00f6tt az els\u0151 dinasztia. M\u00e9n\u00e9sz kir\u00e1ly Als\u00f3- \u00e9s Fels\u0151-Egyiptom hat\u00e1r\u00e1n megalap\u00edtotta a Feh\u00e9r Falnak nevezett er\u0151d\u00f6t, amelyb\u0151l k\u00e9s\u0151bb kialakult Memphisz v\u00e1rosa. M\u00e9n\u00e9szt t\u00f6bbek k\u00f6z\u00f6tt Dzser \u00e9s Dzset (Hadzset) kir\u00e1ly k\u00f6vette, majd a m\u00e1sodik dinasztia uralkod\u00f3i, p\u00e9ld\u00e1ul Ninutjer \u00e9s Haszehemui. A k\u00e9t els\u0151 dinasztia id\u0151szaka az \u00f3-egyiptomi \u00e1llam archaikus kora. A korszak uralkod\u00f3i meger\u0151s\u00edtett\u00e9k Egyiptomot a k\u00fcls\u0151 \u00e9s a bels\u0151 ellens\u00e9gekkel szemben, kialak\u00edtott\u00e1k a k\u00f6zponti korm\u00e1nyzatot, \u00e9s m\u00e1r \u0151k is kereskedtek a libanoni B\u00fcblosszal. Ebben az id\u0151ben fejl\u0151d\u00f6tt ki az \u00edr\u00e1s \u00e9s a sz\u00e1mol\u00e1s, a k\u0151farag\u00e1s m\u0171v\u00e9szete \u00e9s sz\u00e1mos m\u00e1s m\u0171v\u00e9szet. L\u00e9trej\u00f6ttek az egyiptomi \u00e1llam alapjai.<\/p>\n<p>A Harmadik dinaszti\u00e1val, k\u00f6r\u00fclbel\u00fcl Kr. e. 2700 t\u00e1j\u00e1n vette kezdet\u00e9t az \u00d3-birodalom. Egyik uralkod\u00f3juk, Dzs\u00f3szer Memphiszt tette meg f\u0151v\u00e1ros\u00e1nak, \u00e9s Szakkar\u00e1ban l\u00e9pcs\u0151zetes piramist emeltetett mag\u00e1nak, s\u00edreml\u00e9kk\u00e9nt .<\/p>\n<p><a href=\"http:\/\/www.lerzso.hu\/?uamfiletype=attachment&amp;uamgetfile=http:\/\/www.lerzso.hu\/wp-content\/uploads\/2013\/11\/mm_aoet_10_1.jpg\"><img loading=\"lazy\" decoding=\"async\" class=\"alignnone size-full wp-image-187\" alt=\"mm_aoet_10_1\" src=\"http:\/\/www.lerzso.hu\/?uamfiletype=attachment&amp;uamgetfile=http:\/\/www.lerzso.hu\/wp-content\/uploads\/2013\/11\/mm_aoet_10_1.jpg\" width=\"1009\" height=\"965\" \/><\/a><\/p>\n<p>A 60 m\u00e9ter magas piramis az emberi t\u00f6rt\u00e9nelem leg\u0151sibb, monument\u00e1lis, k\u0151b\u0151l k\u00e9sz\u00fclt \u00e9p\u00edtm\u00e9nye.<\/p>\n<p><a href=\"http:\/\/www.lerzso.hu\/?uamfiletype=attachment&amp;uamgetfile=http:\/\/www.lerzso.hu\/wp-content\/uploads\/2013\/11\/mm_aoet_10_2.jpg\"><img loading=\"lazy\" decoding=\"async\" class=\"alignnone size-large wp-image-189\" alt=\"mm_aoet_10_2\" src=\"http:\/\/www.lerzso.hu\/?uamfiletype=attachment&amp;uamgetfile=http:\/\/www.lerzso.hu\/wp-content\/uploads\/2013\/11\/mm_aoet_10_2-385x1024.jpg\" width=\"385\" height=\"1024\" \/><\/a><\/p>\n<p>A negyedik dinasztia f\u00e1ra\u00f3i k\u00f6z\u00fcl Kheopsz a legjelent\u0151sebb (Kr. e. 2600 k\u00f6r\u00fcl). \u0150 \u00e9p\u00edttette a vil\u00e1g valaha is emelt legnagyobb piramis\u00e1t. A piramis G\u00edza mellett \u00e1ll, \u00e9s csaknem 147 m\u00e9teres magass\u00e1ga j\u00f3l jelzi, hogy a f\u00e1ra\u00f3 terve megval\u00f3s\u00edt\u00e1sa \u00e9rdek\u00e9ben szinte eg\u00e9sz Egyiptom erej\u00e9t felhaszn\u00e1lta. Minden szava parancs volt, mert alattval\u00f3i istenk\u00e9nt im\u00e1dt\u00e1k \u0151t. Az \u00f6t\u00f6dik dinasztia uralkod\u00f3i mindenn\u00e9l jobban tisztelt\u00e9k R\u00e9t, a napistent. Szahur\u00e9 f\u00e1ra\u00f3 Kr. e. 2500-ban besz\u00e1molt diadalmas hadj\u00e1rat\u00e1r\u00f3l a l\u00edbiaiak ellen, \u00e9s arr\u00f3l, hogy flott\u00e1j\u00e1t a F\u00f6ldk\u00f6zi-tenger partja ment\u00e9n B\u00fcbloszba k\u00fcldte. Jellemz\u0151 az \u00d3-birodalomra, hogy Egyiptom megszil\u00e1rd\u00edtja hat\u00e1rait, \u00e9s exped\u00edci\u00f3kat k\u00fcld ki, hogy nyersanyagokat szerezzenek, els\u0151sorban k\u00f6vet, \u00e9rceket \u00e9s f\u00e1t. Siker\u00fclt meger\u0151s\u00edteni az egyiptomi befoly\u00e1st N\u00fabi\u00e1ban, az els\u0151 katarakt\u00e1t\u00f3l d\u00e9lre, \u00e9s a S\u00ednai-f\u00e9lszigeten (\u00f3kori nev\u00e9n: Szin\u00e1j), az orsz\u00e1g azonban nem t\u00f6rekedett arra, hogy ter\u00fclet\u00e9t H\u00f3d\u00edt\u00e1sokkal is n\u00f6velje.<\/p>\n<p>A hatodik dinasztia v\u00e9ge fel\u00e9 hanyatlani kezdett az \u00d3-birodalom ereje. Ennek az volt az oka, hogy a tartom\u00e1nyok magas rang\u00fa hivatalnokai mind er\u0151sebbek lettek, \u00e9s ezzel gyeng\u00edtett\u00e9k a f\u00e1ra\u00f3 hatalm\u00e1t. Az \u00e1llami bev\u00e9telek az\u00e9rt is cs\u00f6kkentek, mert a templomok egyre nagyobb bev\u00e9teleket szereztek meg maguknak.<\/p>\n<p>A tr\u00f3n\u00f6r\u00f6kl\u00e9sr\u0151l mind gyakrabban d\u00f6nt\u00f6ttek er\u0151szakkal, \u00e9s polg\u00e1rh\u00e1bor\u00fak d\u00faltak, Kr. e. 2100-ban Egyiptom t\u00f6bb \u00e1llamra hullott sz\u00e9t. Megkezd\u0151d\u00f6tt az els\u0151 \u00e1tmeneti korszak. A k\u00e1oszb\u00f3l k\u00e9t kir\u00e1lys\u00e1g emelkedett ki. A kilencedik \u00e9s a t\u00edzedik dinasztia kir\u00e1lyai H\u00e9rakleopoliszban uralkodtak, a Fajj\u00famo\u00e1zis k\u00f6zel\u00e9ben, m\u00edg a tizenegyedik dinasztia f\u00e1ra\u00f3i Th\u00e9b\u00e1ban, a mai Luxorban. Ezek a dinaszti\u00e1k egyszerre uralkodtak, \u00e9s \u00e1lland\u00f3an hadban \u00e1lltak egym\u00e1ssal. V\u00e9g\u00fcl a th\u00e9bai uralkod\u00f3k gy\u0151ztek. Kr. e. 2000-ben. II. Mentuhotep egyes\u00edtette eg\u00e9sz Egyiptomot, \u00e9s megalap\u00edtotta a K\u00f6z\u00e9pbirodalmat. A tizenkettedik dinasztia els\u0151 uralkod\u00f3ja, I. Amenemhet ism\u00e9t meger\u0151s\u00edtette a k\u00f6zponti hatalmat, \u00e9s a f\u0151v\u00e1rost Th\u00e9b\u00e1b\u00f3l \u00e1thelyezte ltj-tauiba. E dinasztia f\u00e1ra\u00f3i alatt Egyiptom felvir\u00e1gzott.<\/p>\n<p>&nbsp;<\/p>\n<table border=\"1\">\n<tbody>\n<tr>\n<td><span style=\"color: #0000ff;\">TR\u00d3N\u00d6R\u00d6KL\u00c9S<\/span><span style=\"color: #0000ff;\">Hogy el\u0151seg\u00edts\u00e9k a tr\u00f3n\u00f6r\u00f6k\u00f6s biztos tr\u00f3nra l\u00e9p\u00e9s\u00e9t, a K\u00f6z\u00e9pbirodalomban szok\u00e1ss\u00e1 v\u00e1lt, hogy a kijel\u00f6lt \u00f6r\u00f6k\u00f6s egy ideig a hivatalban l\u00e9v\u0151 f\u00e1ra\u00f3val egy\u00fctt uralkodott.<\/span><\/td>\n<\/tr>\n<\/tbody>\n<\/table>\n","protected":false},"excerpt":{"rendered":"<p>A f\u00e1ra\u00f3k hossz\u00fa t\u00f6rt\u00e9nete Ki alap\u00edtotta meg a f\u00e1ra\u00f3k birodalm\u00e1t? A N\u00edlus v\u00f6lgy\u00e9ben \u00e9s Fels\u0151- Egyiptomban n\u00e9h\u00e1ny helyi nagys\u00e1gnak m\u00e1r Kr. e. 32 t\u00e1j\u00e1n siker\u00fclt nagyobb ter\u00fcleteket egyes\u00edtenie az uralma alatt. Ezekb\u0151l alakult ki az als\u00f3-egyiptomi \u00e9s a fels\u0151-egyiptomi kir\u00e1lys\u00e1g. A kir\u00e1lyok egyike m\u00e1r Kr. e. 3100 t\u00e1j\u00e1n mindk\u00e9t orsz\u00e1gban uralkodott. \u0150t Narmernek h\u00edvt\u00e1k. &nbsp; &hellip; <\/p>\n<p><a class=\"more-link btn\" href=\"http:\/\/www.lerzso.hu\/?page_id=179\">Olvass tov\u00e1bb<\/a><\/p>\n","protected":false},"author":1,"featured_media":0,"parent":127,"menu_order":0,"comment_status":"closed","ping_status":"open","template":"","meta":{"footnotes":""},"class_list":["post-179","page","type-page","status-publish","hentry","nodate","item-wrap"],"_links":{"self":[{"href":"http:\/\/www.lerzso.hu\/index.php?rest_route=\/wp\/v2\/pages\/179","targetHints":{"allow":["GET"]}}],"collection":[{"href":"http:\/\/www.lerzso.hu\/index.php?rest_route=\/wp\/v2\/pages"}],"about":[{"href":"http:\/\/www.lerzso.hu\/index.php?rest_route=\/wp\/v2\/types\/page"}],"author":[{"embeddable":true,"href":"http:\/\/www.lerzso.hu\/index.php?rest_route=\/wp\/v2\/users\/1"}],"replies":[{"embeddable":true,"href":"http:\/\/www.lerzso.hu\/index.php?rest_route=%2Fwp%2Fv2%2Fcomments&post=179"}],"version-history":[{"count":5,"href":"http:\/\/www.lerzso.hu\/index.php?rest_route=\/wp\/v2\/pages\/179\/revisions"}],"predecessor-version":[{"id":202,"href":"http:\/\/www.lerzso.hu\/index.php?rest_route=\/wp\/v2\/pages\/179\/revisions\/202"}],"up":[{"embeddable":true,"href":"http:\/\/www.lerzso.hu\/index.php?rest_route=\/wp\/v2\/pages\/127"}],"wp:attachment":[{"href":"http:\/\/www.lerzso.hu\/index.php?rest_route=%2Fwp%2Fv2%2Fmedia&parent=179"}],"curies":[{"name":"wp","href":"https:\/\/api.w.org\/{rel}","templated":true}]}}