{"id":192,"date":"2013-11-02T21:54:32","date_gmt":"2013-11-02T20:54:32","guid":{"rendered":"http:\/\/www.lerzso.hu\/?page_id=192"},"modified":"2013-11-02T22:04:30","modified_gmt":"2013-11-02T21:04:30","slug":"milyen-volt-egyiptom-viszonya-a-szomszedaival","status":"publish","type":"page","link":"http:\/\/www.lerzso.hu\/?page_id=192","title":{"rendered":"Milyen volt Egyiptom viszonya a szomsz\u00e9daival?"},"content":{"rendered":"<h3><strong><em>A f\u00e1ra\u00f3k hossz\u00fa t\u00f6rt\u00e9nete<\/em><\/strong><\/h3>\n<h4><strong>Milyen volt Egyiptom viszonya a szomsz\u00e9daival?<\/strong><\/h4>\n<p>&nbsp;<\/p>\n<div>I. \u00e9s III. Szesz\u00f3sztrisz elfoglalta N\u00fabi\u00e1t, eg\u00e9szen a m\u00e1sodik katarakt\u00e1ig. Sz\u00e1mos er\u0151ddel biztos\u00edtott\u00e1k a d\u00e9li hat\u00e1rt.<\/div>\n<p><a style=\"color: #074d7c; cursor: pointer;\" href=\"http:\/\/www.lerzso.hu\/?uamfiletype=attachment&amp;uamgetfile=http:\/\/www.lerzso.hu\/wp-content\/uploads\/2013\/11\/mm_aoet_11_1.jpg\"><img loading=\"lazy\" decoding=\"async\" class=\"size-large wp-image-195 alignleft\" alt=\"mm_aoet_11_1\" src=\"http:\/\/www.lerzso.hu\/?uamfiletype=attachment&amp;uamgetfile=http:\/\/www.lerzso.hu\/wp-content\/uploads\/2013\/11\/mm_aoet_11_1-317x1024.jpg\" width=\"317\" height=\"1024\" \/><\/a><\/p>\n<div>A ter\u00fclet ett\u0151l kezdve<\/div>\n<div>az Egyiptomi birodalom r\u00e9sze lett. Az egyiptomiak egyre t\u00f6bbet kereskedtek a k\u00fclf\u00f6ldiekkel, a m\u00e1sodik katarakt\u00e1t\u00f3l d\u00e9lre lak\u00f3, szabad n\u00fabiaiakkal, a mai Libanonban \u00e9l\u0151\u00a0f\u00f6n\u00edciaiakkal, a mai Irak ter\u00fclet\u00e9n \u00e9l\u0151 mezopot\u00e1miaiakkal, valamint Ciprussal \u00e9s Kr\u00e9t\u00e1val. Sok \u00e1zsiai telepedett meg Egyiptomban, hogy ott \u00e9ljen \u00e9s dolgozzon. III. Amenemhet csatorn\u00e1k \u00e9s zsilipek \u00e9p\u00edt\u00e9s\u00e9vel term\u00e9kenny\u00e9 tette a Fajj\u00fam-o\u00e1zist k\u00f6rnyez\u0151, mocsaras ter\u00fcleteket.<\/div>\n<div>A tizenharmadik dinasztia idej\u00e9n az egyiptomi kir\u00e1lyok hatalma \u00fajra gyeng\u00fclni kezdett. Als\u00f3-Egyiptomban k\u00fclf\u00f6ldi uralkod\u00f3k \u00fcltek a tr\u00f3nra. Ezek azok k\u00f6z\u00fcl az \u00e1zsiaiak k\u00f6z\u00fcl emelkedtek ki, akik m\u00e1r hossz\u00fa ideje Egyiptomban \u00e9ltek. \u0150ket h\u00fcksz\u00f3szoknak h\u00edvt\u00e1k. Az egyiptomiak ezzel a sz\u00f3val a k\u00fclf\u00f6ldiek uralkod\u00f3it jel\u00f6lt\u00e9k. A h\u00fcksz\u00f3szok adt\u00e1k a tizen\u00f6t\u00f6dik \u00e9s tizenhatodik dinaszti\u00e1t (Kr. e. 1650-t\u0151l). F\u0151v\u00e1rosuk, Avarisz a keleti delt\u00e1ban fek\u00fcdt. Vel\u00fck egy id\u0151ben Th\u00e9b\u00e1ban a tizenhet<\/div>\n<div>edik dinasztia f\u00e1ra\u00f3i uralkodtak, akik magukat a tizenharmadik dinasztia t\u00f6rv\u00e9nyes \u00f6r\u00f6k\u00f6seinek tekintett\u00e9k. K\u00f6z\u00e9p &#8211; Egyiptomban rajtuk k\u00edv\u00fcl l\u00e9tezett m\u00e9g n\u00e9h\u00e1ny kisebb fejedelems\u00e9g. Ezek valamennyien ad\u00f3t fizettek a h\u00fcksz\u00f3szoknak. Ezt az id\u0151szakot nevezz\u00fck m\u00e1sodik \u00e1tmeneti kornak. \u00c1zsi\u00e1b\u00f3l ekkor \u00faj tal\u00e1lm\u00e1nyok jutottak el Egyiptomba, k\u00f6zt\u00fck a l\u00f3val vontatott harci szek\u00e9r, amely f\u00e9lelmetes, \u00faj fegyver volt.<\/div>\n<div><\/div>\n<div><\/div>\n<div>\n<table border=\"1\">\n<tbody>\n<tr>\n<td><span style=\"color: #0000ff;\">DINASZTIA<\/span><\/p>\n<p><span style=\"line-height: 18px; color: #0000ff;\">A dinasztia, m\u00e1s sz\u00f3val uralkod\u00f3 nemzets\u00e9g, az egym\u00e1st k\u00f6vet\u0151 uralkod\u00f3k l\u00e1nc\u00e1b\u00f3l \u00e1ll, akik ugyanabb\u00f3l a csal\u00e1db\u00f3l sz\u00e1rmaznak. A dinasztia akkor \u00e9r v\u00e9get, ha nincs t\u00f6bb f\u00e9rfi tr\u00f3n\u00f6r\u00f6k\u00f6s, vagy ha er\u0151vel v\u00e9get vetnek az uralm\u00e1nak. A legels\u0151 f\u00e1ra\u00f3t\u00f3l, M\u00e9n\u00e9szt\u0151l (Aha) kezdve az utols\u00f3 egyiptomi f\u00e1ra\u00f3kig az orsz\u00e1gban 30 dinasztia uralkodott. Az egyiptol\u00f3gusok Maneth\u00f3nt\u00f3l, egy egyiptomi papt\u00f3l vett\u00e9k \u00e1t azt a szok\u00e1st, hogy a f\u00e1ra\u00f3kat dinaszti\u00e1kba sorolj\u00e1k. Maneth\u00f3n a Kr. e. III. \u00e9vezred els\u0151 fel\u00e9ben \u00e9lt.<\/span><\/td>\n<\/tr>\n<\/tbody>\n<\/table>\n<p>&nbsp;<\/p>\n<table border=\"1\">\n<tbody>\n<tr>\n<td><span style=\"color: #008000;\">I. Szesz\u00f3sztrisz c\u00e9drusb\u00f3l faragott \u00e1ll\u00f3szobra.\u00a0<\/span><span style=\"color: #008000; line-height: 18px;\">Az uralkod\u00f3 Fels\u0151-Egyiptom koron\u00e1j\u00e1t viseli, valamint egy r\u00f6vid k\u00f6t\u00e9nyt, \u00f6vvel. A koron\u00e1t \u00e9s a k\u00f6t\u00e9nyt gipsszel vont\u00e1k be, \u00e9s befestett\u00e9k. A f\u00e1ra\u00f3 bal kez\u00e9ben az uralkod\u00f3i botot tartja.<\/span><\/td>\n<\/tr>\n<\/tbody>\n<\/table>\n<\/div>\n","protected":false},"excerpt":{"rendered":"<p>A f\u00e1ra\u00f3k hossz\u00fa t\u00f6rt\u00e9nete Milyen volt Egyiptom viszonya a szomsz\u00e9daival? &nbsp; I. \u00e9s III. Szesz\u00f3sztrisz elfoglalta N\u00fabi\u00e1t, eg\u00e9szen a m\u00e1sodik katarakt\u00e1ig. Sz\u00e1mos er\u0151ddel biztos\u00edtott\u00e1k a d\u00e9li hat\u00e1rt. A ter\u00fclet ett\u0151l kezdve az Egyiptomi birodalom r\u00e9sze lett. Az egyiptomiak egyre t\u00f6bbet kereskedtek a k\u00fclf\u00f6ldiekkel, a m\u00e1sodik katarakt\u00e1t\u00f3l d\u00e9lre lak\u00f3, szabad n\u00fabiaiakkal, a mai Libanonban \u00e9l\u0151\u00a0f\u00f6n\u00edciaiakkal, a &hellip; <\/p>\n<p><a class=\"more-link btn\" href=\"http:\/\/www.lerzso.hu\/?page_id=192\">Olvass tov\u00e1bb<\/a><\/p>\n","protected":false},"author":1,"featured_media":0,"parent":127,"menu_order":0,"comment_status":"closed","ping_status":"open","template":"","meta":{"footnotes":""},"class_list":["post-192","page","type-page","status-publish","hentry","nodate","item-wrap"],"_links":{"self":[{"href":"http:\/\/www.lerzso.hu\/index.php?rest_route=\/wp\/v2\/pages\/192","targetHints":{"allow":["GET"]}}],"collection":[{"href":"http:\/\/www.lerzso.hu\/index.php?rest_route=\/wp\/v2\/pages"}],"about":[{"href":"http:\/\/www.lerzso.hu\/index.php?rest_route=\/wp\/v2\/types\/page"}],"author":[{"embeddable":true,"href":"http:\/\/www.lerzso.hu\/index.php?rest_route=\/wp\/v2\/users\/1"}],"replies":[{"embeddable":true,"href":"http:\/\/www.lerzso.hu\/index.php?rest_route=%2Fwp%2Fv2%2Fcomments&post=192"}],"version-history":[{"count":5,"href":"http:\/\/www.lerzso.hu\/index.php?rest_route=\/wp\/v2\/pages\/192\/revisions"}],"predecessor-version":[{"id":198,"href":"http:\/\/www.lerzso.hu\/index.php?rest_route=\/wp\/v2\/pages\/192\/revisions\/198"}],"up":[{"embeddable":true,"href":"http:\/\/www.lerzso.hu\/index.php?rest_route=\/wp\/v2\/pages\/127"}],"wp:attachment":[{"href":"http:\/\/www.lerzso.hu\/index.php?rest_route=%2Fwp%2Fv2%2Fmedia&parent=192"}],"curies":[{"name":"wp","href":"https:\/\/api.w.org\/{rel}","templated":true}]}}