{"id":222,"date":"2013-11-02T23:16:41","date_gmt":"2013-11-02T22:16:41","guid":{"rendered":"http:\/\/www.lerzso.hu\/?page_id=222"},"modified":"2013-11-02T23:22:52","modified_gmt":"2013-11-02T22:22:52","slug":"kik-voltak-a-ptolemaiszok","status":"publish","type":"page","link":"http:\/\/www.lerzso.hu\/?page_id=222","title":{"rendered":"Kik voltak a Ptolemaiszok?"},"content":{"rendered":"<h3><strong><em>A f\u00e1ra\u00f3k hossz\u00fa t\u00f6rt\u00e9nete<\/em><\/strong><\/h3>\n<h4><strong>Kik voltak a Ptolemaiszok?<\/strong><\/h4>\n<p>&nbsp;<\/p>\n<p>Kr. e. 332-ben Nagy S\u00e1ndor hadai vonultak be Egyiptomba. A had\u00far egyik t\u00e1bornoka, Ptolemaiosz megalap\u00edtotta a Ptolemaioszok dinaszti\u00e1j\u00e1t. A kir\u00e1lyok f\u00e1ra\u00f3k\u00e9nt uralkodtak, \u00e9s az orsz\u00e1got ism\u00e9t a K\u00f6zel-Kelet egyik nagyhatalm\u00e1v\u00e1 tett\u00e9k. Ez azonban m\u00e1r nem volt azonos a r\u00e9gi Egyiptommal. A g\u00f6r\u00f6g f\u00e1ra\u00f3kat a vil\u00e1g minden r\u00e9sz\u00e9r\u0151l \u00e9rkezett zsoldosok szolg\u00e1lt\u00e1k, \u00e9s a f\u0151v\u00e1ros &#8211; Alexandria &#8211; a F\u00f6ldk\u00f6zi- tenger partj\u00e1n fek\u00fcdt. A Ptolemaioszokat els\u0151sorban a F\u00f6ldk\u00f6zi-tenger \u00e9rdekelte, s kev\u00e9sb\u00e9 az egyiptomi h\u00e1torsz\u00e1g. Az \u0151si Egyiptom kult\u00far\u00e1ja azonban sok ter\u00fcleten tov\u00e1bb \u00e9lt, els\u0151sorban a vall\u00e1sban. A g\u00f6r\u00f6g uralkod\u00f3k t\u00e1mogatt\u00e1k azokat a papokat \u00e9s templomokat, amelyeket maguk is hasznosnak tartottak. A templomok ugyanis biztos\u00edtott\u00e1k, hogy az alattval\u00f3k tisztelj\u00e9k a k\u00fclf\u00f6ldi uralkod\u00f3kat, \u00e9s a mez\u0151gazdas\u00e1gi munk\u00e1k jelent\u0151s r\u00e9sz\u00e9t is megszervezt\u00e9k.<\/p>\n<p>&nbsp;<\/p>\n<p><a href=\"http:\/\/www.lerzso.hu\/?uamfiletype=attachment&amp;uamgetfile=http:\/\/www.lerzso.hu\/wp-content\/uploads\/2013\/11\/mm_aoet_13_2.jpg\"><img loading=\"lazy\" decoding=\"async\" class=\"alignnone size-large wp-image-223\" alt=\"mm_aoet_13_2\" src=\"http:\/\/www.lerzso.hu\/?uamfiletype=attachment&amp;uamgetfile=http:\/\/www.lerzso.hu\/wp-content\/uploads\/2013\/11\/mm_aoet_13_2-1024x670.jpg\" width=\"1024\" height=\"670\" \/><\/a><\/p>\n<table border=\"1\">\n<tbody>\n<tr>\n<td><span style=\"color: #008000;\">A Ptolemaioszok \u00e9p\u00edtett\u00e9k az edfui templomot, melynek egyik domborm\u0171ve Uto istenn\u0151t (balra) \u00e9s Nehbet istenn\u0151t \u00e1br\u00e1zolja, amint megkoron\u00e1zza VII. Ptolemaiosz kir\u00e1lyt. Az uralkod\u00f3 a f\u00e1ra\u00f3k sz\u00e9les nyakgall\u00e9rj\u00e1t, a hossz\u00fa kir\u00e1lyi szak\u00e1llat, a kett\u0151s koron\u00e1t \u00e9s az ureusz-k\u00edgy\u00f3t viseli. Uto fej\u00e9n a v\u00f6r\u00f6s korona, Nehbet fej\u00e9n a feh\u00e9r korona van.<\/span><\/td>\n<\/tr>\n<\/tbody>\n<\/table>\n<p>&nbsp;<\/p>\n<table border=\"1\">\n<tbody>\n<tr>\n<td>\n<div><span style=\"color: #0000ff;\">IDEGEN URALKOD\u00d3K<\/span><\/div>\n<div><span style=\"color: #0000ff;\">B\u00e1r a n\u00fabiai perzsa vagy g\u00f6r\u00f6g uralkod\u00f3k m\u00e1sk\u00e9nt n\u00e9ztek ki, mint az egyiptomiak, a templomokban m\u00e9gis \u00fagy \u00e1br\u00e1zolt\u00e1k \u0151ket, mint a f\u00e1ra\u00f3kat.<\/span><\/div>\n<div><span style=\"color: #0000ff;\">Ez csak \u00cdgy t\u00f6rt\u00e9nhetett, mert az egyiptomi vall\u00e1s megk\u00f6vetelte, hogy Egyiptom istenei az \u00e1ldozatokat egy egyiptomi uralkod\u00f3t\u00f3l kapj\u00e1k.<\/span><\/div>\n<\/td>\n<\/tr>\n<\/tbody>\n<\/table>\n","protected":false},"excerpt":{"rendered":"<p>A f\u00e1ra\u00f3k hossz\u00fa t\u00f6rt\u00e9nete Kik voltak a Ptolemaiszok? &nbsp; Kr. e. 332-ben Nagy S\u00e1ndor hadai vonultak be Egyiptomba. A had\u00far egyik t\u00e1bornoka, Ptolemaiosz megalap\u00edtotta a Ptolemaioszok dinaszti\u00e1j\u00e1t. A kir\u00e1lyok f\u00e1ra\u00f3k\u00e9nt uralkodtak, \u00e9s az orsz\u00e1got ism\u00e9t a K\u00f6zel-Kelet egyik nagyhatalm\u00e1v\u00e1 tett\u00e9k. Ez azonban m\u00e1r nem volt azonos a r\u00e9gi Egyiptommal. A g\u00f6r\u00f6g f\u00e1ra\u00f3kat a vil\u00e1g minden &hellip; <\/p>\n<p><a class=\"more-link btn\" href=\"http:\/\/www.lerzso.hu\/?page_id=222\">Olvass tov\u00e1bb<\/a><\/p>\n","protected":false},"author":1,"featured_media":0,"parent":127,"menu_order":0,"comment_status":"closed","ping_status":"open","template":"","meta":{"footnotes":""},"class_list":["post-222","page","type-page","status-publish","hentry","nodate","item-wrap"],"_links":{"self":[{"href":"http:\/\/www.lerzso.hu\/index.php?rest_route=\/wp\/v2\/pages\/222","targetHints":{"allow":["GET"]}}],"collection":[{"href":"http:\/\/www.lerzso.hu\/index.php?rest_route=\/wp\/v2\/pages"}],"about":[{"href":"http:\/\/www.lerzso.hu\/index.php?rest_route=\/wp\/v2\/types\/page"}],"author":[{"embeddable":true,"href":"http:\/\/www.lerzso.hu\/index.php?rest_route=\/wp\/v2\/users\/1"}],"replies":[{"embeddable":true,"href":"http:\/\/www.lerzso.hu\/index.php?rest_route=%2Fwp%2Fv2%2Fcomments&post=222"}],"version-history":[{"count":4,"href":"http:\/\/www.lerzso.hu\/index.php?rest_route=\/wp\/v2\/pages\/222\/revisions"}],"predecessor-version":[{"id":227,"href":"http:\/\/www.lerzso.hu\/index.php?rest_route=\/wp\/v2\/pages\/222\/revisions\/227"}],"up":[{"embeddable":true,"href":"http:\/\/www.lerzso.hu\/index.php?rest_route=\/wp\/v2\/pages\/127"}],"wp:attachment":[{"href":"http:\/\/www.lerzso.hu\/index.php?rest_route=%2Fwp%2Fv2%2Fmedia&parent=222"}],"curies":[{"name":"wp","href":"https:\/\/api.w.org\/{rel}","templated":true}]}}