{"id":385,"date":"2013-11-04T20:53:14","date_gmt":"2013-11-04T19:53:14","guid":{"rendered":"http:\/\/www.lerzso.hu\/?page_id=385"},"modified":"2013-11-04T21:08:49","modified_gmt":"2013-11-04T20:08:49","slug":"hogyan-tiszteltek-az-isteneket","status":"publish","type":"page","link":"http:\/\/www.lerzso.hu\/?page_id=385","title":{"rendered":"Hogyan tisztelt\u00e9k az isteneket?"},"content":{"rendered":"<h3><strong><em>\u00d3-Egyiptom vall\u00e1sa<\/em><\/strong><\/h3>\n<h4><strong>Hogyan tisztelt\u00e9k az isteneket?<\/strong><\/h4>\n<p>Ha egy egyiptomi im\u00e1dkozni akart, akkor ezt b\u00e1rhol megtette ahol \u00e9ppen tart\u00f3zkodott. K\u00fclf\u00f6ld\u00f6n, a sivatagban,haj\u00f3n, egy fa alatt, a h\u00e1z\u00e1ban \u2014 istene minden\u00fctt meghallgatta.<\/p>\n<p>&nbsp;<\/p>\n<table border=\"1\">\n<tbody>\n<tr>\n<td><span style=\"color: #0000ff;\">Az IMA <\/span><\/p>\n<p><span style=\"color: #0000ff;\">Amenemope \u00edrnok a k\u00f6vetkez\u0151 szavakkal im\u00e1dkozott:<\/span><\/p>\n<p><span style=\"color: #0000ff;\">\u201e\u00d3, istenem, istenek ura, Amon-R\u00e9, Karnak ura, ny\u00fajts kezet, ments meg engem, \u00e1llj ki mell\u00e9m, hogy \u00e9letet adj\u00e1l nekem! Te vagy az egyetlen isten, akihez egy m\u00e1s sem hasonl\u00edt, aki R\u00e9 vagy magad, az \u00e9gbolton felragyog\u00f3&#8230; Te tartod \u00e9letben a halakat \u00e9s a madarakat, te gondoskodsz az egerekr\u0151l a lyukakban, te viseled gondj\u00e1t a f\u00e9rgeknek \u00e9s bolh\u00e1knak\u201d. Amenemope \u00edrnok szem\u00e9ben Amon-R\u00e9 hatalmasabb a t\u00f6bbi istenn\u00e9l, mert \u0151 gondoskodik a vil\u00e1g \u00f6sszes \u00e9l\u0151l\u00e9ny\u00e9r\u0151l, m\u00e9g a legkisebbekr\u0151l is, \u00e9s \u0151 az, aki majd megseg\u00edti a bajba ker\u00fclt Amenemop\u00e9t.<\/span><\/td>\n<\/tr>\n<\/tbody>\n<\/table>\n<p>&nbsp;<\/p>\n<p>Az egyiptomiak m\u00e9gis legsz\u00edvesebben egy templom k\u00f6zel\u00e9ben, a templom falai el\u0151tt, a templom kapuj\u00e1ban vagy annak egyik udvar\u00e1ban im\u00e1dkoztak. A templom belsej\u00e9be nem l\u00e9phettek be. Az egyiptomi templom ugyanis t\u00e1volr\u00f3l sem azt a c\u00e9lt szolg\u00e1lta, hogy az emberek k\u00f6z\u00f6s istentiszteletre gy\u0171ljenek benne \u00f6ssze, ahogyan azt mi megszoktuk a kereszt\u00e9ny templomokban. A templom sokkal ink\u00e1bb az a hely volt, ahol az uralkod\u00f3k \u00e9s a papok \u00e1ldozataikkal \u00e9s im\u00e1ikkal el\u00e9rt\u00e9k, hogy az istenek seg\u00edts\u00e9k \u0151ket. Egyiptom valamennyi templom\u00e1nak a f\u00e1ra\u00f3 volt a legf\u0151bb papja, akit term\u00e9szetesen a legt\u00f6bbsz\u00f6r egy-egy pap helyettes\u00edtett.<\/p>\n<p><a href=\"http:\/\/www.lerzso.hu\/?uamfiletype=attachment&amp;uamgetfile=http:\/\/www.lerzso.hu\/wp-content\/uploads\/2013\/11\/mm_aoet_38_1.jpg\"><img loading=\"lazy\" decoding=\"async\" class=\"alignnone size-large wp-image-388\" alt=\"mm_aoet_38_1\" src=\"http:\/\/www.lerzso.hu\/?uamfiletype=attachment&amp;uamgetfile=http:\/\/www.lerzso.hu\/wp-content\/uploads\/2013\/11\/mm_aoet_38_1-1024x533.jpg\" width=\"1024\" height=\"533\" \/><\/a><\/p>\n<table border=\"1\">\n<tbody>\n<tr>\n<td><span style=\"color: #008000;\">Az \u00dajbirodalom egyik templom\u00e1nak keresztmetszete. A l\u00e1togat\u00f3 a pilon m\u00f6g\u00f6tt egy nyitott udvarba jutott, ahonnan egyenesen tov\u00e1bb s\u00e9t\u00e1lhatott a k\u00fcls\u0151 oszlopcsarnokba, a bels\u0151 oszlopcsarnokba, majd tov\u00e1bbi helyis\u00e9geken \u00e1t eljuthatott a m\u00e9lyen a templom belsej\u00e9ben rejl\u0151 szent\u00e9lybe. Ide csak a papok l\u00e9phettek be.<\/span><\/td>\n<\/tr>\n<\/tbody>\n<\/table>\n<p>&nbsp;<\/p>\n<p>Az uralkod\u00f3 parancs\u00e1ra templomot \u00e9p\u00edtettek az isteneknek vagy az istenn\u0151knek. A f\u00e1ra\u00f3 itt, az istens\u00e9g szobra el\u0151tt \u00e9telt \u00e9s italt \u00e1ldozott, t\u00f6mj\u00e9ngoly\u00f3csk\u00e1kat \u00e9getett \u00e9s h\u0171s\u00edt\u0151 vizet permetezett, majd ruh\u00e1t, \u00e9kszert, ken\u0151cs\u00f6ket, friss vir\u00e1got \u00e9s m\u00e9g sok, egy\u00e9b dolgot aj\u00e1nd\u00e9kozott az istens\u00e9gnek. Hit\u00fck szerint a templom \u00e9s az uralkod\u00f3 n\u00e9lk\u00fcl, aki odabent bemutatta az isteneknek \u00e1ldozat\u00e1t, az orsz\u00e1g elveszett volna. Az istenek ugyanis az \u00e1ldozatok\u00e9rt cser\u00e9be azzal aj\u00e1nd\u00e9kozt\u00e1k meg Egyiptomot, hogy gy\u0151zelmet arathattak ellens\u00e9geik felett, s emellett t\u00e1pl\u00e1l\u00e9kot, boldogs\u00e1got, eg\u00e9szs\u00e9get \u00e9s \u00f6r\u00f6k \u00e9letet adtak a n\u00e9pnek.<\/p>\n","protected":false},"excerpt":{"rendered":"<p>\u00d3-Egyiptom vall\u00e1sa Hogyan tisztelt\u00e9k az isteneket? Ha egy egyiptomi im\u00e1dkozni akart, akkor ezt b\u00e1rhol megtette ahol \u00e9ppen tart\u00f3zkodott. K\u00fclf\u00f6ld\u00f6n, a sivatagban,haj\u00f3n, egy fa alatt, a h\u00e1z\u00e1ban \u2014 istene minden\u00fctt meghallgatta. &nbsp; Az IMA Amenemope \u00edrnok a k\u00f6vetkez\u0151 szavakkal im\u00e1dkozott: \u201e\u00d3, istenem, istenek ura, Amon-R\u00e9, Karnak ura, ny\u00fajts kezet, ments meg engem, \u00e1llj ki mell\u00e9m, hogy &hellip; <\/p>\n<p><a class=\"more-link btn\" href=\"http:\/\/www.lerzso.hu\/?page_id=385\">Olvass tov\u00e1bb<\/a><\/p>\n","protected":false},"author":1,"featured_media":0,"parent":127,"menu_order":0,"comment_status":"closed","ping_status":"open","template":"","meta":{"footnotes":""},"class_list":["post-385","page","type-page","status-publish","hentry","nodate","item-wrap"],"_links":{"self":[{"href":"http:\/\/www.lerzso.hu\/index.php?rest_route=\/wp\/v2\/pages\/385","targetHints":{"allow":["GET"]}}],"collection":[{"href":"http:\/\/www.lerzso.hu\/index.php?rest_route=\/wp\/v2\/pages"}],"about":[{"href":"http:\/\/www.lerzso.hu\/index.php?rest_route=\/wp\/v2\/types\/page"}],"author":[{"embeddable":true,"href":"http:\/\/www.lerzso.hu\/index.php?rest_route=\/wp\/v2\/users\/1"}],"replies":[{"embeddable":true,"href":"http:\/\/www.lerzso.hu\/index.php?rest_route=%2Fwp%2Fv2%2Fcomments&post=385"}],"version-history":[{"count":7,"href":"http:\/\/www.lerzso.hu\/index.php?rest_route=\/wp\/v2\/pages\/385\/revisions"}],"predecessor-version":[{"id":399,"href":"http:\/\/www.lerzso.hu\/index.php?rest_route=\/wp\/v2\/pages\/385\/revisions\/399"}],"up":[{"embeddable":true,"href":"http:\/\/www.lerzso.hu\/index.php?rest_route=\/wp\/v2\/pages\/127"}],"wp:attachment":[{"href":"http:\/\/www.lerzso.hu\/index.php?rest_route=%2Fwp%2Fv2%2Fmedia&parent=385"}],"curies":[{"name":"wp","href":"https:\/\/api.w.org\/{rel}","templated":true}]}}