{"id":393,"date":"2013-11-04T21:06:17","date_gmt":"2013-11-04T20:06:17","guid":{"rendered":"http:\/\/www.lerzso.hu\/?page_id=393"},"modified":"2013-11-04T21:15:30","modified_gmt":"2013-11-04T20:15:30","slug":"393-2","status":"publish","type":"page","link":"http:\/\/www.lerzso.hu\/?page_id=393","title":{"rendered":"Mit gondoltak hal\u00e1l ut\u00e1ni l\u00e9tr\u0151l az egyiptomiak?"},"content":{"rendered":"<h3><strong><em>\u00d3-Egyiptom vall\u00e1sa<\/em><\/strong><\/h3>\n<h4><strong>Mit gondoltak hal\u00e1l ut\u00e1ni l\u00e9tr\u0151l az egyiptomiak?<\/strong><\/h4>\n<p>Az \u00f3kori egyiptomiak sz\u00e1m\u00e1ra az e-vil\u00e1gi \u00e9let csup\u00e1n egy gyorsan tovat\u0171n\u0151, \u00e1tmeneti id\u0151szaknak sz\u00e1m\u00edtott, a val\u00f3di \u00e9s az \u00f6r\u00f6kk\u00e9 tart\u00f3 \u00e9let csup\u00e1n a hal\u00e1l ut\u00e1n kezd\u0151d\u00f6tt. \u00c9ppen ez\u00e9rt a s\u00edrt is \u201eaz \u00f6r\u00f6kk\u00e9val\u00f3s\u00e1g sz\u00e9p h\u00e1z\u00e1nak\u201d nevezt\u00e9k, amelyben nem egyed\u00fcl \u00e9lnek, mert szil\u00e1rdan hittek abban, hogy elhunyt rokonaikkal \u00fajra tal\u00e1lkoznak a t\u00falvil\u00e1gon. Az elhunytak m\u00e9g \u00e9l\u0151 rokonaikkal is tal\u00e1lkoztak, \u00e9vente legal\u00e1bb egyszer. ilyenkor az \u00e9l\u0151k kimentek a temet\u0151be, \u00e9s d\u00edszes k\u00f6rmenetben magukkal hozt\u00e1k az istenek szobrait a templomb\u00f3l. Itt, a halottak v\u00e1ros\u00e1ban az elhunytak \u00e9s az \u00e9l\u0151k egy\u00fctt \u00fcnnepelt\u00e9k a \u201esivatagi v\u00f6lgy Sz\u00e9p \u00fcnnep\u00e9t\u201d, azt a jelent\u0151s esem\u00e9nyt, amikor zen\u00e9vel, ev\u00e9ssel \u00e9s iv\u00e1ssal eml\u00e9keztek az elhunytakra. Legal\u00e1bbis az \u00daj-birodalom idej\u00e9n \u00edgy t\u00f6rt\u00e9nt ez Th\u00e9b\u00e1ban, az \u00e9v tizedik h\u00f3napj\u00e1ban.<\/p>\n<p>A s\u00edrjukban pihen\u0151 halottak sz\u00e1m\u00e1ra fontos volt, hogy az \u00e9l\u0151k \u00e1ldozatokkal \u00e9s im\u00e1kkal l\u00e1ss\u00e1k el \u0151ket. A s\u00edrokon ez\u00e9rt gyakran l\u00e1thatunk sz\u00f6vegeket, melyekben a s\u00edr tulajdonosa az arra s\u00e9t\u00e1l\u00f3kat ilyen vagy hasonl\u00f3 szavakkal sz\u00f3l\u00edtja meg: \u201e\u00d3, ti \u00e9l\u0151k, kik m\u00e9g azok vagytok! Ti, kik szeretitek az \u00e9letet \u00e9s gy\u0171l\u00f6litek a Hal\u00e1lt, ti, kik majd elmentek emellett a s\u00edr mellett&#8230; \u00e1ldozzatok nekem abb\u00f3l, ami a kezetekben van, ha pedig semmitek sincs, akkor mondj\u00e1tok sz\u00e1tokkal: ezer keny\u00e9r, s\u00f6r, marhah\u00fas, sz\u00e1rnyas&#8230; a megigazult elhunyt sz\u00e1m\u00e1ra&#8230;\u201d<\/p>\n<p>Az elhunytak a hal\u00e1l ut\u00e1n hatalmasabb\u00e1 v\u00e1ltak, mint amilyenek \u00e9let\u00fckben voltak. Majdnem olyanok lettek, mint az istenek, b\u00e1rmilyen alakot fel\u00f6lthettek, \u00e9s a vil\u00e1g b\u00e1rmely r\u00e9sz\u00e9n lakhattak: az \u00e9gben \u00e9s Alvil\u00e1gban egyar\u00e1nt, de a f\u00f6ldi vil\u00e1g meghat\u00e1rozott r\u00e9szein is.<\/p>\n<p>&nbsp;<\/p>\n<table border=\"1\">\n<tbody>\n<tr>\n<td><span style=\"color: #008000;\">K\u00e9p\u00fcnk\u00f6n Hunefer Halottak K\u00f6nyve papirusz\u00e1nak egy \u00e1br\u00e1ja l\u00e1tszik, a 19. dinasztia idej\u00e9b\u0151l.<\/span><span style=\"color: #008000;\">Anubisz odavezeti Hunefert a m\u00e9rleghez, \u00e9s megm\u00e9ri a sz\u00edv\u00e9t. Jobbra Thot \u00e1ll. aki feljegyzi az eredm\u00e9nyt. A sz\u00f6rnyeteg f\u00f6l\u00f6tt a k\u00f6vetkez\u0151 felirat olvashat\u00f3: \u201eA holtak elem\u00e9szt\u0151je, el\u00f6l krokodil, h\u00e1tul v\u00edzil\u00f3, k\u00f6z\u00e9pen oroszl\u00e1n \u201c.<\/span><\/td>\n<\/tr>\n<\/tbody>\n<\/table>\n<p><a href=\"http:\/\/www.lerzso.hu\/?uamfiletype=attachment&amp;uamgetfile=http:\/\/www.lerzso.hu\/wp-content\/uploads\/2013\/11\/mm_aoet_39_1.jpg\"><img loading=\"lazy\" decoding=\"async\" class=\"alignnone size-large wp-image-400\" alt=\"mm_aoet_39_1\" src=\"http:\/\/www.lerzso.hu\/?uamfiletype=attachment&amp;uamgetfile=http:\/\/www.lerzso.hu\/wp-content\/uploads\/2013\/11\/mm_aoet_39_1-1024x744.jpg\" width=\"1024\" height=\"744\" \/><\/a><\/p>\n<p>A Halottak K\u00f6nyv\u00e9nek egyik sz\u00f6veg\u00e9ben \u00edgy sz\u00f3l az elhunyt: Nyitva \u00e1llnak el\u0151ttem az \u00e9gbolt kapui, nyitva a f\u00f6ld kapui&#8230; ez\u00e9rt \u00e9n arra a helyre mehetek, ahov\u00e1 a sz\u00edvem lenni k\u00edv\u00e1n\u201d. A Halott \u00fan. ba-lelke p\u00e9ld\u00e1ul egy emberfej\u0171 mad\u00e1r alakj\u00e1ban j\u00e1rhatta be a vil\u00e1got.<\/p>\n<p>A halottak olyan hatalmasak voltak, hogy kisz\u00e1llhattak s\u00edrjukb\u00f3l, \u00e9s a szellemekhez hasonl\u00f3an fenyegethett\u00e9k az \u00e9l\u0151ket. Fennmaradtak levelek, melyeket az \u00e9l\u0151k \u00edrtak a halottaknak, azzal a k\u00e9r\u00e9ssel, hogy a j\u00f6v\u0151ben, ha lehet, ne zaklass\u00e1k \u0151ket, \u00e9s ne okozzanak t\u00f6bb kint.<\/p>\n<p>A t\u00falvil\u00e1gi \u00e9let azonban csak \u00fagy v\u00e1lt lehets\u00e9gess\u00e9, ha az elhunyt test\u00e9t mumifik\u00e1lt\u00e1k, hogy ne porladjon el. Az egyiptomiak hite szerint ugyanis az elhunyt h\u00e1rom lelke \u2014 a <strong>ba<\/strong>, a <strong>ka<\/strong> \u00e9s az <strong>ah<\/strong> \u2014 csak akkor maradhatott \u00f6r\u00f6k \u00e9let\u0171, ha id\u0151r\u0151l id\u0151re visszat\u00e9rhetett az elhagyott testhez. A s\u00edrban nyugv\u00f3 test teh\u00e1t a hal\u00e1l ut\u00e1n is a lelkek lakhelye maradt \u2014 ez\u00e9rt kellett a testet balzsamoz\u00e1ssal megmenteni az eny\u00e9szett\u0151l. A s\u00edrban a ba-l\u00e9lek mad\u00e1ralakja is csak \u00edgy tudott eggy\u00e9 v\u00e1lni a m\u00fami\u00e1val, \u00e9s a ka-l\u00e9lek \u00e9letereje is csak \u00edgy juthatott vissza az elhunythoz.<\/p>\n<p>&nbsp;<\/p>\n<table border=\"1\">\n<tbody>\n<tr>\n<td><span style=\"color: #0000ff;\">A BA \u00c9S A KA<\/span><\/p>\n<p><span style=\"color: #0000ff;\">Az egyiptomiak hite szerint egy ember hal\u00e1lakor, test\u00e9nek nedveib\u0151l J\u00f6n l\u00e9tre a ba-l\u00e9lek. Ennek alakja mad\u00e1rra eml\u00e9keztet, m\u00edg feje az elhunyt\u00e9ra hasonl\u00edt. A ba szabadon mozoghat, otthagyhatja a s\u00edrt, \u00e9s visszat\u00e9rhet az emberek vil\u00e1g\u00e1ba. Ezzel szemben a ka-l\u00e9lek egyfajta hasonm\u00e1s. Az emberrel egy\u00fctt sz\u00fcletik, \u00e9s az \u00e9leterej\u00e9t testes\u00edti meg.<\/span><\/td>\n<\/tr>\n<\/tbody>\n<\/table>\n<p><a href=\"http:\/\/www.lerzso.hu\/?uamfiletype=attachment&amp;uamgetfile=http:\/\/www.lerzso.hu\/wp-content\/uploads\/2013\/11\/mm_aoet_38_2.jpg\"><br \/>\n<img loading=\"lazy\" decoding=\"async\" class=\"alignnone size-full wp-image-394\" alt=\"mm_aoet_38_2\" src=\"http:\/\/www.lerzso.hu\/?uamfiletype=attachment&amp;uamgetfile=http:\/\/www.lerzso.hu\/wp-content\/uploads\/2013\/11\/mm_aoet_38_2.jpg\" width=\"719\" height=\"541\" \/><\/a><\/p>\n<table border=\"1\">\n<tbody>\n<tr>\n<td><span style=\"color: #008000;\">Az elhunyt ba-lelke elhagyja a s\u00edrt (Maiherperi Halottak K\u00f6nyve papirusza, Th\u00e9ba, 18. dinasztia).<\/span><\/td>\n<\/tr>\n<\/tbody>\n<\/table>\n","protected":false},"excerpt":{"rendered":"<p>\u00d3-Egyiptom vall\u00e1sa Mit gondoltak hal\u00e1l ut\u00e1ni l\u00e9tr\u0151l az egyiptomiak? Az \u00f3kori egyiptomiak sz\u00e1m\u00e1ra az e-vil\u00e1gi \u00e9let csup\u00e1n egy gyorsan tovat\u0171n\u0151, \u00e1tmeneti id\u0151szaknak sz\u00e1m\u00edtott, a val\u00f3di \u00e9s az \u00f6r\u00f6kk\u00e9 tart\u00f3 \u00e9let csup\u00e1n a hal\u00e1l ut\u00e1n kezd\u0151d\u00f6tt. \u00c9ppen ez\u00e9rt a s\u00edrt is \u201eaz \u00f6r\u00f6kk\u00e9val\u00f3s\u00e1g sz\u00e9p h\u00e1z\u00e1nak\u201d nevezt\u00e9k, amelyben nem egyed\u00fcl \u00e9lnek, mert szil\u00e1rdan hittek abban, hogy elhunyt &hellip; <\/p>\n<p><a class=\"more-link btn\" href=\"http:\/\/www.lerzso.hu\/?page_id=393\">Olvass tov\u00e1bb<\/a><\/p>\n","protected":false},"author":1,"featured_media":0,"parent":127,"menu_order":0,"comment_status":"closed","ping_status":"open","template":"","meta":{"footnotes":""},"class_list":["post-393","page","type-page","status-publish","hentry","nodate","item-wrap"],"_links":{"self":[{"href":"http:\/\/www.lerzso.hu\/index.php?rest_route=\/wp\/v2\/pages\/393","targetHints":{"allow":["GET"]}}],"collection":[{"href":"http:\/\/www.lerzso.hu\/index.php?rest_route=\/wp\/v2\/pages"}],"about":[{"href":"http:\/\/www.lerzso.hu\/index.php?rest_route=\/wp\/v2\/types\/page"}],"author":[{"embeddable":true,"href":"http:\/\/www.lerzso.hu\/index.php?rest_route=\/wp\/v2\/users\/1"}],"replies":[{"embeddable":true,"href":"http:\/\/www.lerzso.hu\/index.php?rest_route=%2Fwp%2Fv2%2Fcomments&post=393"}],"version-history":[{"count":5,"href":"http:\/\/www.lerzso.hu\/index.php?rest_route=\/wp\/v2\/pages\/393\/revisions"}],"predecessor-version":[{"id":403,"href":"http:\/\/www.lerzso.hu\/index.php?rest_route=\/wp\/v2\/pages\/393\/revisions\/403"}],"up":[{"embeddable":true,"href":"http:\/\/www.lerzso.hu\/index.php?rest_route=\/wp\/v2\/pages\/127"}],"wp:attachment":[{"href":"http:\/\/www.lerzso.hu\/index.php?rest_route=%2Fwp%2Fv2%2Fmedia&parent=393"}],"curies":[{"name":"wp","href":"https:\/\/api.w.org\/{rel}","templated":true}]}}