{"id":438,"date":"2013-11-05T21:38:24","date_gmt":"2013-11-05T20:38:24","guid":{"rendered":"http:\/\/www.lerzso.hu\/?page_id=438"},"modified":"2013-11-05T21:44:44","modified_gmt":"2013-11-05T20:44:44","slug":"hogyan-eltek-az-emberek-otthon","status":"publish","type":"page","link":"http:\/\/www.lerzso.hu\/?page_id=438","title":{"rendered":"Hogyan \u00e9ltek az emberek otthon?"},"content":{"rendered":"<h3><strong><em>Az alattval\u00f3k \u00e9lete<\/em><\/strong><\/h3>\n<h4><strong>Hogyan \u00e9ltek az emberek otthon?<\/strong><\/h4>\n<p>Az egyiptomiak legfontosabb t\u00e1pl\u00e1l\u00e9ka a keny\u00e9r \u00e9s a s\u00f6r volt. Emellett bors\u00f3t, babot, lencs\u00e9t, hagym\u00e1t, fokhagym\u00e1t \u00e9s t\u00f6k\u00f6t, sz\u0151l\u0151t, datoly\u00e1t, f\u00fcg\u00e9t \u00e9s gr\u00e1n\u00e1talm\u00e1t, valamint halat, sz\u00e1rnyast \u00e9s diszn\u00f3t, kecsk\u00e9t \u00e9s birkah\u00fast ettek. Marhah\u00fas \u00e9s bor csak a gazdagoknak jutott. A legt\u00f6bb \u00e9telt \u00e9s italt t\u00f6bbf\u00e9le m\u00f3don k\u00e9sz\u00edtett\u00e9k el, \u00edgy az egyiptomiak v\u00e1ltozatos \u00e9trend alapj\u00e1n t\u00e1pl\u00e1lkoztak. A h\u0151st f\u0151zt\u00e9k, s\u00fct\u00f6tt\u00e9k, p\u00f6rk\u00f6lt\u00e9k vagy sz\u00e1r\u00edtott\u00e1k. T\u00f6bbfajta kenyeret \u00e9s s\u00f6rt is fogyasztottak. Ezekbe k\u00fcl\u00f6nb\u00f6z\u0151 adal\u00e9kanyagokat tettek. Az \u00e9telek \u00e9des\u00edt\u00e9s\u00e9re datoly\u00e1t \u00e9s m\u00e9zet haszn\u00e1ltak.<\/p>\n<p>&nbsp;<\/p>\n<table border=\"1\">\n<tbody>\n<tr>\n<td><span style=\"color: #008000;\">Egy p\u00e1r szond\u00e1l az \u00dajbirodalom idej\u00e9b\u0151l. A l\u00e1bbelik talp\u00e1t p\u00e1lmalev\u00e9lb\u0151l \u00e9s papiruszcs\u00edkokb\u00f3l csin\u00e1lt\u00e1k. A sz\u00e9l\u00e9t f\u0171sz\u00e1lakkal er\u0151s\u00edtett\u00e9k meg. A k\u00f6z\u00e9ps\u0151 fonatot a k\u00e9t l\u00e1bujj k\u00f6z\u00f6tt b\u00fajtatt\u00e1k \u00e1t.<\/span><\/td>\n<\/tr>\n<\/tbody>\n<\/table>\n<p><a href=\"http:\/\/www.lerzso.hu\/?uamfiletype=attachment&amp;uamgetfile=http:\/\/www.lerzso.hu\/wp-content\/uploads\/2013\/11\/mm_aoet_44_1.jpg\"><img loading=\"lazy\" decoding=\"async\" class=\"alignnone size-full wp-image-441\" alt=\"mm_aoet_44_1\" src=\"http:\/\/www.lerzso.hu\/?uamfiletype=attachment&amp;uamgetfile=http:\/\/www.lerzso.hu\/wp-content\/uploads\/2013\/11\/mm_aoet_44_1.jpg\" width=\"907\" height=\"394\" \/><\/a><\/p>\n<p>A f\u00e9rfiak alapvet\u0151 ruhadarabja a k\u00f6t\u00e9ny volt, egy hossz\u00fara szabott v\u00e1szondarab, amelyet a derekuk k\u00f6r\u00e9 tekertek. A k\u00f6t\u00e9ny cs\u00edp\u0151t\u0151l t\u00e9rdig vagy l\u00e1bsz\u00e1rk\u00f6z\u00e9pig \u00e9rt. A n\u0151k hossz\u00fa, sz\u0171k ruh\u00e1t viseltek. L\u00e1bukon f\u0171b\u0151l, p\u00e1lmalev\u00e9lb\u0151l vagy b\u0151rb\u0151l k\u00e9sz\u00fclt szand\u00e1lt hordtak. Term\u00e9szetesen m\u00e1r Egyiptomban is l\u00e9tezett a divat fogalma. A gazdagok k\u00fcl\u00f6n\u00f6sen kedvelt\u00e9k a b\u0151, d\u00edszes \u00e9s szegett \u00f6lt\u00f6z\u00e9ket, a f\u00e9rfiak sz\u00edvesen viseltek fels\u0151ruh\u00e1t is a k\u00f6t\u00e9ny mellett. Mind a f\u00e9rfiak, mind a n\u0151k val\u00f3di emberhajb\u00f3l k\u00e9sz\u00fclt par\u00f3k\u00e1t is f\u00f6lvettek, p\u00e9ld\u00e1ul ha hivatalnokk\u00e9nt szolg\u00e1latba mentek, vagy ha \u00fcnneps\u00e9gen vettek r\u00e9szt. Egy\u00e9bk\u00e9nt \u2014 mivel nagy volt a h\u0151s\u00e9g, \u00e9s \u00e1ltal\u00e1ban s\u00f6t\u00e9t volt a hajuk \u2014 r\u00f6vid frizur\u00e1t hordtak.<\/p>\n<p>&nbsp;<\/p>\n<table border=\"1\">\n<tbody>\n<tr>\n<td><span style=\"color: #008000;\">A 18. dinasztia idej\u00e9n k\u00e9sz\u00fclt ez a kacsa. Anyaga fa, \u00e9benfa \u00e9s elef\u00e1ntcsont. \u00dcreges test\u00e9ben kr\u00e9met tartottak.<\/span><\/td>\n<\/tr>\n<\/tbody>\n<\/table>\n<p><a href=\"http:\/\/www.lerzso.hu\/?uamfiletype=attachment&amp;uamgetfile=http:\/\/www.lerzso.hu\/wp-content\/uploads\/2013\/11\/mm_aoet_44_2.jpg\"><img loading=\"lazy\" decoding=\"async\" class=\"alignnone size-full wp-image-443\" alt=\"mm_aoet_44_2\" src=\"http:\/\/www.lerzso.hu\/?uamfiletype=attachment&amp;uamgetfile=http:\/\/www.lerzso.hu\/wp-content\/uploads\/2013\/11\/mm_aoet_44_2.jpg\" width=\"903\" height=\"383\" \/><\/a><\/p>\n","protected":false},"excerpt":{"rendered":"<p>Az alattval\u00f3k \u00e9lete Hogyan \u00e9ltek az emberek otthon? Az egyiptomiak legfontosabb t\u00e1pl\u00e1l\u00e9ka a keny\u00e9r \u00e9s a s\u00f6r volt. Emellett bors\u00f3t, babot, lencs\u00e9t, hagym\u00e1t, fokhagym\u00e1t \u00e9s t\u00f6k\u00f6t, sz\u0151l\u0151t, datoly\u00e1t, f\u00fcg\u00e9t \u00e9s gr\u00e1n\u00e1talm\u00e1t, valamint halat, sz\u00e1rnyast \u00e9s diszn\u00f3t, kecsk\u00e9t \u00e9s birkah\u00fast ettek. Marhah\u00fas \u00e9s bor csak a gazdagoknak jutott. A legt\u00f6bb \u00e9telt \u00e9s italt t\u00f6bbf\u00e9le m\u00f3don k\u00e9sz\u00edtett\u00e9k &hellip; <\/p>\n<p><a class=\"more-link btn\" href=\"http:\/\/www.lerzso.hu\/?page_id=438\">Olvass tov\u00e1bb<\/a><\/p>\n","protected":false},"author":1,"featured_media":0,"parent":127,"menu_order":0,"comment_status":"closed","ping_status":"open","template":"","meta":{"footnotes":""},"class_list":["post-438","page","type-page","status-publish","hentry","nodate","item-wrap"],"_links":{"self":[{"href":"http:\/\/www.lerzso.hu\/index.php?rest_route=\/wp\/v2\/pages\/438","targetHints":{"allow":["GET"]}}],"collection":[{"href":"http:\/\/www.lerzso.hu\/index.php?rest_route=\/wp\/v2\/pages"}],"about":[{"href":"http:\/\/www.lerzso.hu\/index.php?rest_route=\/wp\/v2\/types\/page"}],"author":[{"embeddable":true,"href":"http:\/\/www.lerzso.hu\/index.php?rest_route=\/wp\/v2\/users\/1"}],"replies":[{"embeddable":true,"href":"http:\/\/www.lerzso.hu\/index.php?rest_route=%2Fwp%2Fv2%2Fcomments&post=438"}],"version-history":[{"count":4,"href":"http:\/\/www.lerzso.hu\/index.php?rest_route=\/wp\/v2\/pages\/438\/revisions"}],"predecessor-version":[{"id":444,"href":"http:\/\/www.lerzso.hu\/index.php?rest_route=\/wp\/v2\/pages\/438\/revisions\/444"}],"up":[{"embeddable":true,"href":"http:\/\/www.lerzso.hu\/index.php?rest_route=\/wp\/v2\/pages\/127"}],"wp:attachment":[{"href":"http:\/\/www.lerzso.hu\/index.php?rest_route=%2Fwp%2Fv2%2Fmedia&parent=438"}],"curies":[{"name":"wp","href":"https:\/\/api.w.org\/{rel}","templated":true}]}}