{"id":469,"date":"2013-11-05T22:24:08","date_gmt":"2013-11-05T21:24:08","guid":{"rendered":"http:\/\/www.lerzso.hu\/?page_id=469"},"modified":"2013-11-05T22:24:08","modified_gmt":"2013-11-05T21:24:08","slug":"hogyan-fizettek-a-bereket","status":"publish","type":"page","link":"http:\/\/www.lerzso.hu\/?page_id=469","title":{"rendered":"Hogyan fizett\u00e9k a b\u00e9reket?"},"content":{"rendered":"<h3><strong><em>Az alattval\u00f3k \u00e9lete<\/em><\/strong><\/h3>\n<h4><b>Hogyan fizett\u00e9k a b\u00e9reket?<\/b><\/h4>\n<p>Az egyiptomiak Csup\u00e1n a Kr. e. 4. sz\u00e1zad v\u00e9g\u00e9t\u0151l kezdtek \u00e9rme form\u00e1j\u00fa p\u00e9nzeket haszn\u00e1lni. Kor\u00e1bban a fizet\u00e9st gabon\u00e1ban adt\u00e1k ki. Egy zs\u00e1k gabona s\u00falya volt a m\u00e9rt\u00e9k, \u00e9s ezt r\u00e9z- vagy ez\u00fcstdarabokra lehetett bev\u00e1ltani. Az alkalmazott \u00edgy megkapta a csal\u00e1dja ell\u00e1t\u00e1s\u00e1hoz sz\u00fcks\u00e9ges alap\u00e9lelmiszert, a marad\u00e9kon pedig m\u00e1s \u00e9lelmiszert vehetett. A fizet\u00e9st szakmai kateg\u00f3ri\u00e1k alapj\u00e1n kapt\u00e1k. Az \u00dajbirodalomban egy \u00edrnok havonta 570 liter gabon\u00e1t keresett, egy egyszer\u0171 munk\u00e1s 420 litert, egy seg\u00e9dmunk\u00e1s pedig 150 litert.<\/p>\n","protected":false},"excerpt":{"rendered":"<p>Az alattval\u00f3k \u00e9lete Hogyan fizett\u00e9k a b\u00e9reket? Az egyiptomiak Csup\u00e1n a Kr. e. 4. sz\u00e1zad v\u00e9g\u00e9t\u0151l kezdtek \u00e9rme form\u00e1j\u00fa p\u00e9nzeket haszn\u00e1lni. Kor\u00e1bban a fizet\u00e9st gabon\u00e1ban adt\u00e1k ki. Egy zs\u00e1k gabona s\u00falya volt a m\u00e9rt\u00e9k, \u00e9s ezt r\u00e9z- vagy ez\u00fcstdarabokra lehetett bev\u00e1ltani. Az alkalmazott \u00edgy megkapta a csal\u00e1dja ell\u00e1t\u00e1s\u00e1hoz sz\u00fcks\u00e9ges alap\u00e9lelmiszert, a marad\u00e9kon pedig m\u00e1s \u00e9lelmiszert &hellip; <\/p>\n<p><a class=\"more-link btn\" href=\"http:\/\/www.lerzso.hu\/?page_id=469\">Olvass tov\u00e1bb<\/a><\/p>\n","protected":false},"author":1,"featured_media":0,"parent":127,"menu_order":0,"comment_status":"closed","ping_status":"open","template":"","meta":{"footnotes":""},"class_list":["post-469","page","type-page","status-publish","hentry","nodate","item-wrap"],"_links":{"self":[{"href":"http:\/\/www.lerzso.hu\/index.php?rest_route=\/wp\/v2\/pages\/469","targetHints":{"allow":["GET"]}}],"collection":[{"href":"http:\/\/www.lerzso.hu\/index.php?rest_route=\/wp\/v2\/pages"}],"about":[{"href":"http:\/\/www.lerzso.hu\/index.php?rest_route=\/wp\/v2\/types\/page"}],"author":[{"embeddable":true,"href":"http:\/\/www.lerzso.hu\/index.php?rest_route=\/wp\/v2\/users\/1"}],"replies":[{"embeddable":true,"href":"http:\/\/www.lerzso.hu\/index.php?rest_route=%2Fwp%2Fv2%2Fcomments&post=469"}],"version-history":[{"count":1,"href":"http:\/\/www.lerzso.hu\/index.php?rest_route=\/wp\/v2\/pages\/469\/revisions"}],"predecessor-version":[{"id":470,"href":"http:\/\/www.lerzso.hu\/index.php?rest_route=\/wp\/v2\/pages\/469\/revisions\/470"}],"up":[{"embeddable":true,"href":"http:\/\/www.lerzso.hu\/index.php?rest_route=\/wp\/v2\/pages\/127"}],"wp:attachment":[{"href":"http:\/\/www.lerzso.hu\/index.php?rest_route=%2Fwp%2Fv2%2Fmedia&parent=469"}],"curies":[{"name":"wp","href":"https:\/\/api.w.org\/{rel}","templated":true}]}}