{"id":748,"date":"2021-09-18T15:11:01","date_gmt":"2021-09-18T13:11:01","guid":{"rendered":"http:\/\/www.lerzso.hu\/?page_id=748"},"modified":"2021-09-19T09:30:14","modified_gmt":"2021-09-19T07:30:14","slug":"teszt-1","status":"publish","type":"page","link":"http:\/\/www.lerzso.hu\/?page_id=748","title":{"rendered":"Angol 1."},"content":{"rendered":"\n        <div class=\"wpProQuiz_content\" id=\"wpProQuiz_16\">\n                    <div style=\"display: none;\" class=\"wpProQuiz_time_limit\">\n            <div class=\"time\">Id\u0151 hat\u00e1r: <span>0<\/span><\/div>\n            <div class=\"wpProQuiz_progress\"><\/div>\n        <\/div>\n                <div class=\"wpProQuiz_checkPage\" style=\"display: none;\">\n            <h4 class=\"wpProQuiz_header\">Kv\u00edz-\u00f6sszes\u00edt\u0151<\/h4>\n\n            <p>\n                <span>0<\/span> megv\u00e1laszolva 10 -k\u00e9rd\u00e9sb\u0151l            <\/p>\n\n            <p>K\u00e9rd\u00e9sek:<\/p>\n\n            <div style=\"margin-bottom: 20px;\" class=\"wpProQuiz_box\">\n                <ol>\n                                            <li>1<\/li>\n                                            <li>2<\/li>\n                                            <li>3<\/li>\n                                            <li>4<\/li>\n                                            <li>5<\/li>\n                                            <li>6<\/li>\n                                            <li>7<\/li>\n                                            <li>8<\/li>\n                                            <li>9<\/li>\n                                            <li>10<\/li>\n                                    <\/ol>\n                <div style=\"clear: both;\"><\/div>\n            <\/div>\n\n            \n            <input type=\"button\" name=\"endQuizSummary\" value=\"Kv\u00edz befejez\u00e9se\"\n                   class=\"wpProQuiz_button\">\n        <\/div>\n                <div class=\"wpProQuiz_infopage\" style=\"display: none;\">\n            <h4>Inform\u00e1ci\u00f3<\/h4>\n\n            \n            <input type=\"button\" name=\"endInfopage\" value=\"Kv\u00edz befejez\u00e9se\"\n                   class=\"wpProQuiz_button\">\n        <\/div>\n                <div class=\"wpProQuiz_text\">\n            <p>\n                <p>V\u00e1laszd ki a helyes v\u00e1laszt!<\/p>\n            <\/p>\n\n            \n            <div>\n                <input class=\"wpProQuiz_button\" type=\"button\" value=\"Kv\u00edz kezd\u00e9se\"\n                       name=\"startQuiz\">\n            <\/div>\n        <\/div>\n                <div style=\"display: none;\" class=\"wpProQuiz_lock\">\n            <p>\n                Ezt a kv\u00edzt m\u00e1r kit\u00f6lt\u00f6tted. Ez\u00e9rt nem tudod \u00fajra kezdeni.            <\/p>\n        <\/div>\n                <div style=\"display: none;\" class=\"wpProQuiz_loadQuiz\">\n            <p>\n                A kv\u00edz t\u00f6lt\u0151dik...            <\/p>\n        <\/div>\n                <div style=\"display: none;\" class=\"wpProQuiz_startOnlyRegisteredUser\">\n            <p>\n                Regisztr\u00e1lnod kell vagy bejelentkezni a kv\u00edz megkezd\u00e9s\u00e9hez.            <\/p>\n        <\/div>\n                <div style=\"display: none;\" class=\"wpProQuiz_prerequisite\">\n            <p>\n                Ez a k\u00e9rd\u0151\u00edv m\u00e9g nem ind\u00edthat\u00f3, m\u00edg az al\u00e1bbiakat be nem fejezted:                <span><\/span>\n            <\/p>\n        <\/div>\n                <div style=\"display: none;\" class=\"wpProQuiz_results\">\n            <h4 class=\"wpProQuiz_header\">Eredm\u00e9nyek<\/h4>\n                            <p>\n                    Helyes v\u00e1laszok sz\u00e1ma: <span class=\"wpProQuiz_correct_answer\">0<\/span> . \u00d6sszes k\u00e9rd\u00e9s: <span>10<\/span>                <\/p>\n                            <p class=\"wpProQuiz_quiz_time\">\n                    Az id\u0151d: <span><\/span>                <\/p>\n                        <p class=\"wpProQuiz_time_limit_expired\" style=\"display: none;\">\n                Lej\u00e1rt az id\u0151            <\/p>\n                            <p class=\"wpProQuiz_points\">\n                    El\u00e9rt pontsz\u00e1m: <span>0<\/span> El\u00e9rhet\u0151 maximum: <span>0<\/span> (Helyes <span>0<\/span>)                <\/p>\n                                        <div class=\"wpProQuiz_resultTable\">\n                    <table>\n                        <tbody>\n                        <tr>\n                            <td class=\"wpProQuiz_resultName\">\u00c1tlag pontsz\u00e1m<\/td>\n                            <td class=\"wpProQuiz_resultValue\">\n                                <div style=\"background-color: #6CA54C;\">&nbsp;<\/div>\n                                <span>&nbsp;<\/span>\n                            <\/td>\n                        <\/tr>\n                        <tr>\n                            <td class=\"wpProQuiz_resultName\">Pontsz\u00e1mod<\/td>\n                            <td class=\"wpProQuiz_resultValue\">\n                                <div style=\"background-color: #F79646;\">&nbsp;<\/div>\n                                <span>&nbsp;<\/span>\n                            <\/td>\n                        <\/tr>\n                        <\/tbody>\n                    <\/table>\n                <\/div>\n                        <div class=\"wpProQuiz_catOverview\" style=\"display:none;\">\n                <h4>Kateg\u00f3ri\u00e1k<\/h4>\n\n                <div style=\"margin-top: 10px;\">\n                    <ol>\n                                                    <li data-category_id=\"0\">\n                                <span class=\"wpProQuiz_catName\">Nem kategoriz\u00e1lt<\/span>\n                                <span class=\"wpProQuiz_catPercent\">0%<\/span>\n                            <\/li>\n                                            <\/ol>\n                <\/div>\n            <\/div>\n            <div>\n                <ul class=\"wpProQuiz_resultsList\">\n                                            <li style=\"display: none;\">\n                            <div>\n                                <p>K\u00c9SZ!<\/p>\n                            <\/div>\n                        <\/li>\n                                    <\/ul>\n            <\/div>\n                    <div style=\"margin-bottom: 30px; margin-top: 10px;\" class=\"wpProQuiz_toplist\"\n             data-quiz_id=\"16\">\n                        <table class=\"wpProQuiz_toplistTable\">\n                <caption>maximum 14 pontb\u00f3l<\/caption>\n                <thead>\n                <tr>\n                    <th style=\"width: 40px;\">Poz.<\/th>\n                    <th style=\"text-align: left !important;\">N\u00e9v<\/th>\n                    <th style=\"width: 140px;\">Megadva<\/th>\n                    <th style=\"width: 60px;\">Pont<\/th>\n                    <th style=\"width: 75px;\">Eredm\u00e9ny<\/th>\n                <\/tr>\n                <\/thead>\n                <tbody>\n                <tr>\n                    <td colspan=\"5\">A t\u00e1bl\u00e1zat t\u00f6lt\u0151dik<\/td>\n                <\/tr>\n                <tr style=\"display: none;\">\n                    <td colspan=\"5\">Nincs megjelen\u00edthet\u0151 adat<\/td>\n                <\/tr>\n                <tr style=\"display: none;\">\n                    <td><\/td>\n                    <td style=\"text-align: left !important;\"><\/td>\n                    <td style=\" color: rgb(124, 124, 124); font-size: x-small;\"><\/td>\n                    <td><\/td>\n                    <td><\/td>\n                <\/tr>\n                <\/tbody>\n            <\/table>\n        <\/div>\n\n                <div class=\"wpProQuiz_addToplist\" style=\"display: none;\">\n            <span style=\"font-weight: bold;\">Az eredm\u00e9nyed beker\u00fclt a ranglist\u00e1ba<\/span>\n\n            <div style=\"margin-top: 6px;\">\n                <div class=\"wpProQuiz_addToplistMessage\" style=\"display: none;\">Bet\u00f6lt\u00e9s<\/div>\n                <div class=\"wpProQuiz_addBox\">\n                    <div>\n\t\t\t\t\t\t<span>\n\t\t\t\t\t\t\t<label>\n                                N\u00e9v: <input type=\"text\" placeholder=\"N\u00e9v\" name=\"wpProQuiz_toplistName\" maxlength=\"15\" size=\"16\"\n                                                                            style=\"width: 150px;\">\n                            <\/label>\n\t\t\t\t\t\t\t<label>\n                                E-mail: <input type=\"email\"\n                                                                              placeholder=\"E-mail\"\n                                                                              name=\"wpProQuiz_toplistEmail\" size=\"20\"\n                                                                              style=\"width: 150px;\">\n                            <\/label>\n\t\t\t\t\t\t<\/span>\n\n                        <div style=\"margin-top: 5px;\">\n                            <label>\n                                Captcha: <input type=\"text\" name=\"wpProQuiz_captcha\"\n                                                                               size=\"8\" style=\"width: 50px;\">\n                            <\/label>\n                            <input type=\"hidden\" name=\"wpProQuiz_captchaPrefix\" value=\"0\">\n                            <img decoding=\"async\" alt=\"captcha\" src=\"\" class=\"wpProQuiz_captchaImg\" style=\"vertical-align: middle;\">\n                        <\/div>\n                    <\/div>\n                    <input class=\"wpProQuiz_button2\" type=\"submit\" value=\"K\u00fcld\u00e9s\"\n                           name=\"wpProQuiz_toplistAdd\">\n                <\/div>\n            <\/div>\n        <\/div>\n                    <div style=\"margin: 10px 0px;\">\n                                            <\/div>\n        <\/div>\n                <div class=\"wpProQuiz_reviewDiv\" style=\"display: none;\">\n            <div class=\"wpProQuiz_reviewQuestion\">\n                <ol>\n                                            <li>1<\/li>\n                                            <li>2<\/li>\n                                            <li>3<\/li>\n                                            <li>4<\/li>\n                                            <li>5<\/li>\n                                            <li>6<\/li>\n                                            <li>7<\/li>\n                                            <li>8<\/li>\n                                            <li>9<\/li>\n                                            <li>10<\/li>\n                                    <\/ol>\n                <div style=\"display: none;\"><\/div>\n            <\/div>\n            <div class=\"wpProQuiz_reviewLegend\">\n                <ol>\n                    <li>\n                        <span class=\"wpProQuiz_reviewColor\" style=\"background-color: #6CA54C;\"><\/span>\n                        <span class=\"wpProQuiz_reviewText\">Megv\u00e1laszolt<\/span>\n                    <\/li>\n                    <li>\n                        <span class=\"wpProQuiz_reviewColor\" style=\"background-color: #FFB800;\"><\/span>\n                        <span class=\"wpProQuiz_reviewText\">Fel\u00fclvizsg\u00e1lat<\/span>\n                    <\/li>\n                <\/ol>\n                <div style=\"clear: both;\"><\/div>\n            <\/div>\n            <div>\n                                    <input type=\"button\" name=\"review\" value=\"K\u00e9rd\u00e9s fel\u00fclvizsg\u00e1lata\"\n                           class=\"wpProQuiz_button2\" style=\"float: left; display: block;\">\n                                            <input type=\"button\" name=\"quizSummary\"\n                               value=\"Kv\u00edz-\u00f6sszes\u00edt\u0151\" class=\"wpProQuiz_button2\"\n                               style=\"float: right;\">\n                                        <div style=\"clear: both;\"><\/div>\n                            <\/div>\n        <\/div>\n                <div class=\"wpProQuiz_quizAnker\" style=\"display: none;\"><\/div>\n                <\/div>\n                <script type=\"text\/javascript\">\n            jQuery(document).ready(function ($) {\n                $('#wpProQuiz_16').wpProQuizFront({\n                    quizId: 16,\n                    mode: 0,\n                    timelimit: 200,\n                    resultsGrade: [0],\n                    bo: 22599,\n                    qpp: 0,\n                    formPos: 0,\n                    lbn: \"Kv\\u00edz befejez\\u00e9se\"                });\n            });\n        <\/script>\n        \n","protected":false},"excerpt":{"rendered":"","protected":false},"author":1,"featured_media":0,"parent":0,"menu_order":0,"comment_status":"closed","ping_status":"closed","template":"","meta":{"footnotes":""},"class_list":["post-748","page","type-page","status-publish","hentry","nodate","item-wrap"],"_links":{"self":[{"href":"http:\/\/www.lerzso.hu\/index.php?rest_route=\/wp\/v2\/pages\/748","targetHints":{"allow":["GET"]}}],"collection":[{"href":"http:\/\/www.lerzso.hu\/index.php?rest_route=\/wp\/v2\/pages"}],"about":[{"href":"http:\/\/www.lerzso.hu\/index.php?rest_route=\/wp\/v2\/types\/page"}],"author":[{"embeddable":true,"href":"http:\/\/www.lerzso.hu\/index.php?rest_route=\/wp\/v2\/users\/1"}],"replies":[{"embeddable":true,"href":"http:\/\/www.lerzso.hu\/index.php?rest_route=%2Fwp%2Fv2%2Fcomments&post=748"}],"version-history":[{"count":3,"href":"http:\/\/www.lerzso.hu\/index.php?rest_route=\/wp\/v2\/pages\/748\/revisions"}],"predecessor-version":[{"id":759,"href":"http:\/\/www.lerzso.hu\/index.php?rest_route=\/wp\/v2\/pages\/748\/revisions\/759"}],"wp:attachment":[{"href":"http:\/\/www.lerzso.hu\/index.php?rest_route=%2Fwp%2Fv2%2Fmedia&parent=748"}],"curies":[{"name":"wp","href":"https:\/\/api.w.org\/{rel}","templated":true}]}}